{"id":81,"date":"2020-03-09T14:39:53","date_gmt":"2020-03-09T14:39:53","guid":{"rendered":"https:\/\/neu.aniol-kowalska.de\/?page_id=81"},"modified":"2020-08-22T16:06:27","modified_gmt":"2020-08-22T16:06:27","slug":"malkurse","status":"publish","type":"page","link":"https:\/\/www.aniol-kowalska.de\/index.php\/malkurse\/","title":{"rendered":"Unterrichtskonzept"},"content":{"rendered":"\n<p><em>Was erwartet Dich in meinem Malkurs. <\/em><\/p>\n\n\n\n<figure class=\"wp-block-gallery columns-1 is-cropped\"><ul class=\"blocks-gallery-grid\"><li class=\"blocks-gallery-item\"><figure><img loading=\"lazy\" width=\"1024\" height=\"768\" src=\"https:\/\/www.aniol-kowalska.de\/wp-content\/uploads\/2020\/08\/DSC03360-1024x768.jpg\" alt=\"\" data-id=\"322\" data-full-url=\"https:\/\/www.aniol-kowalska.de\/wp-content\/uploads\/2020\/08\/DSC03360.jpg\" data-link=\"https:\/\/www.aniol-kowalska.de\/index.php\/malkurse\/dsc03360\/\" class=\"wp-image-322\" srcset=\"https:\/\/www.aniol-kowalska.de\/wp-content\/uploads\/2020\/08\/DSC03360-1024x768.jpg 1024w, https:\/\/www.aniol-kowalska.de\/wp-content\/uploads\/2020\/08\/DSC03360-300x225.jpg 300w, https:\/\/www.aniol-kowalska.de\/wp-content\/uploads\/2020\/08\/DSC03360-768x576.jpg 768w, https:\/\/www.aniol-kowalska.de\/wp-content\/uploads\/2020\/08\/DSC03360-1536x1152.jpg 1536w, https:\/\/www.aniol-kowalska.de\/wp-content\/uploads\/2020\/08\/DSC03360.jpg 2016w\" sizes=\"(max-width: 767px) 89vw, (max-width: 1000px) 54vw, (max-width: 1071px) 543px, 580px\" \/><\/figure><\/li><\/ul><\/figure>\n\n\n\n<p><\/p>\n\n\n\n<p class=\"has-text-align-left\">Bei jedem Maltreffen erlebst Du ein wundersch\u00f6nes, modernes Thema. <br>Gezielt ausgew\u00e4hlte Fotovorlagen, reale Objekte und auch meine Pr\u00e4sentationsbilder  geben Dir eine vielseitige Inspirationsquelle. <br>Viele Themen und Techniken werden von mir Schrittweise vorgemalt und in kleine, gutverst\u00e4ndliche Schritte aufgeteilt . Dadurch kann jeder in eigenem Tempo  seine Erfolge erleben. <br>Du  gestaltest mit Spa\u00df, Du schulst Deine Wahrnehmung und entwickelst ein eigenes Formvokabular. Wir malen und zeichnen mit Acrylmalfarben, \u00d6lpastell, mit Bleistiften, Aquarellstiften, Kohle und vielen weiteren Materialien. Wir kombinieren verschiedene Techniken: Acryl mit \u00d6lpastell, oder Tusche mit Aquarellstiften.<br><br>Im Prozess des Malens finden wir uns selber, wir sp\u00fcren uns und haben die M\u00f6glichkeit sich neu zu erfinden. Es sind wahre Gl\u00fccksmomente. Das Leben gewinnt an Tiefe und Vitalit\u00e4t.  <br>Es ist viel mehr als ein Malkurs, es ist auch eine Aufbaukur f\u00fcr die Seele.<br><br>Der Austausch \u00fcber Arbeitsprozesse und dabei gewonnene Erfahrungen geh\u00f6rt auch dazu. Nat\u00fcrlich hast Du hier die M\u00f6glichkeit neue Kontakte zu kn\u00fcpfen und vielleicht sogar neue Freunde zu treffen. <\/p>\n\n\n\n<figure class=\"wp-block-gallery columns-1 is-cropped\"><ul class=\"blocks-gallery-grid\"><li class=\"blocks-gallery-item\"><figure><a href=\"https:\/\/www.aniol-kowalska.de\/wp-content\/uploads\/2020\/08\/DSC03056.jpg\"><img loading=\"lazy\" width=\"1024\" height=\"768\" src=\"https:\/\/www.aniol-kowalska.de\/wp-content\/uploads\/2020\/08\/DSC03056-1024x768.jpg\" alt=\"\" data-id=\"305\" data-full-url=\"https:\/\/www.aniol-kowalska.de\/wp-content\/uploads\/2020\/08\/DSC03056.jpg\" data-link=\"https:\/\/www.aniol-kowalska.de\/index.php\/malkurse\/dsc03056\/\" class=\"wp-image-305\" srcset=\"https:\/\/www.aniol-kowalska.de\/wp-content\/uploads\/2020\/08\/DSC03056-1024x768.jpg 1024w, https:\/\/www.aniol-kowalska.de\/wp-content\/uploads\/2020\/08\/DSC03056-300x225.jpg 300w, https:\/\/www.aniol-kowalska.de\/wp-content\/uploads\/2020\/08\/DSC03056-768x576.jpg 768w, https:\/\/www.aniol-kowalska.de\/wp-content\/uploads\/2020\/08\/DSC03056-1536x1152.jpg 1536w, https:\/\/www.aniol-kowalska.de\/wp-content\/uploads\/2020\/08\/DSC03056.jpg 2016w\" sizes=\"(max-width: 767px) 89vw, (max-width: 1000px) 54vw, (max-width: 1071px) 543px, 580px\" \/><\/a><\/figure><\/li><\/ul><\/figure>\n\n\n\n<p class=\"has-text-align-left\"><br><em>Was ist mir als Kursleiterin besonders wichtig.<br><\/em><br>Um die ganze \u201eF\u00fclle der kreativen Sch\u00f6pfung\u201c auszuleben lege ich besonderen Wert darauf, dass die Teilnehmer meiner Malkurse in Atmosph\u00e4re der gegenseitigen Wertsch\u00e4tzung und Vertrauen sich k\u00fcnstlerisch entwickeln.   <br>Kreative Prozesse sind etwas Zartes und Kostbares und f\u00fcr jeden ein Ausdruck der eigenen  Individualit\u00e4t.<br>Ich zeige Dir die klassischen sowie unkonventionelle Techniken und Herangehensweisen und \u201ehole Dich dort ab wo du wirklich stehst\u201c. <br>Stetiges  Erweitern der k\u00fcnstlerischen Fertigkeiten und Kenntnisse ist den Teilnehmerinnen meiner Kurse besonders wichtig. Niemand soll  unterfordert oder \u00fcberfordert werden. Meine fachliche Kompetenz wird durch mein eigenes k\u00fcnstlerisches Gestalten st\u00e4ndig erweitert.  <br><br>Der spielerische und  leichte Umgang mit vielen  Malmaterialien  wird durch gezielte Vor\u00fcbungen  vermittelt und zelebriert. Es entstehen einzigartige Bilder, scheinbar ohne bewusstes Kreieren.<br>  <br>Ich glaube, dass nicht das Talent selbst, sondern gro\u00dfe Offenheit, Neugierde f\u00fcr Neues und Begeisterungsf\u00e4higkeit  die\u00a0wichtigsten Voraussetzungen f\u00fcr kreative Sch\u00f6pfung sind.\u00a0<br><br>Im Laufe der Zeit f\u00fchle ich den Puls der Gruppe und ich wei\u00df, welches Thema auf welche Art und Weise als n\u00e4chstes  vermittelt werden kann. Wann ist die Zeit reif f\u00fcr weitere k\u00fcnstlerische Herausforderung.  <br>Meine Motivation ist die gegenseitige Bereicherung, die ich in den malerischen Prozessen und menschlichen Begegnungen in den Malgruppen finde.  <\/p>\n","protected":false},"excerpt":{"rendered":"<p>Was erwartet Dich in meinem Malkurs. Bei jedem Maltreffen erlebst Du ein wundersch\u00f6nes, modernes Thema. Gezielt ausgew\u00e4hlte Fotovorlagen, reale Objekte und auch meine Pr\u00e4sentationsbilder geben Dir eine vielseitige Inspirationsquelle. Viele Themen und Techniken werden von mir Schrittweise vorgemalt und in kleine, gutverst\u00e4ndliche Schritte aufgeteilt . Dadurch kann jeder in eigenem Tempo seine Erfolge erleben. Du &hellip; <\/p>\n<p class=\"link-more\"><a href=\"https:\/\/www.aniol-kowalska.de\/index.php\/malkurse\/\" class=\"more-link\"><span class=\"screen-reader-text\">\u201eUnterrichtskonzept\u201c <\/span>weiterlesen<\/a><\/p>\n","protected":false},"author":1,"featured_media":0,"parent":0,"menu_order":0,"comment_status":"closed","ping_status":"closed","template":"","meta":[],"_links":{"self":[{"href":"https:\/\/www.aniol-kowalska.de\/index.php\/wp-json\/wp\/v2\/pages\/81"}],"collection":[{"href":"https:\/\/www.aniol-kowalska.de\/index.php\/wp-json\/wp\/v2\/pages"}],"about":[{"href":"https:\/\/www.aniol-kowalska.de\/index.php\/wp-json\/wp\/v2\/types\/page"}],"author":[{"embeddable":true,"href":"https:\/\/www.aniol-kowalska.de\/index.php\/wp-json\/wp\/v2\/users\/1"}],"replies":[{"embeddable":true,"href":"https:\/\/www.aniol-kowalska.de\/index.php\/wp-json\/wp\/v2\/comments?post=81"}],"version-history":[{"count":20,"href":"https:\/\/www.aniol-kowalska.de\/index.php\/wp-json\/wp\/v2\/pages\/81\/revisions"}],"predecessor-version":[{"id":336,"href":"https:\/\/www.aniol-kowalska.de\/index.php\/wp-json\/wp\/v2\/pages\/81\/revisions\/336"}],"wp:attachment":[{"href":"https:\/\/www.aniol-kowalska.de\/index.php\/wp-json\/wp\/v2\/media?parent=81"}],"curies":[{"name":"wp","href":"https:\/\/api.w.org\/{rel}","templated":true}]}}